{"id":571,"date":"2015-12-26T20:37:01","date_gmt":"2015-12-26T19:37:01","guid":{"rendered":"http:\/\/tcgwbb.azurewebsites.net\/?page_id=571"},"modified":"2020-12-31T06:38:14","modified_gmt":"2020-12-31T05:38:14","slug":"satzung","status":"publish","type":"page","link":"https:\/\/tcgwbrueserberg.de\/?page_id=571","title":{"rendered":"Satzung"},"content":{"rendered":"<p><strong><span style=\"font-family: arial,helvetica,sans-serif;\">Satzung Tennisclub Gr\u00fcn-Wei\u00df Br\u00fcser Berg<\/span><\/strong><\/p>\n<p><span style=\"font-family: arial,helvetica,sans-serif;\"><strong>\u00a7 1 Name und Sitz<\/strong><\/span><\/p>\n<p><span style=\"font-family: arial,helvetica,sans-serif;\">Der am 13.05.1984 gegr\u00fcndete Club f\u00fchrt den Namen \u201eTennisclub Gr\u00fcn-Wei\u00df Br\u00fcser Berg\u201c. Der Club hat seinen Sitz in 53125 Bonn, An der Haeschmaar 22. Er f\u00fchrt nach Eintragung in das Vereinsregister den Zusatz \u201eeingetragener Verein\u201c in der abgek\u00fcrzten Form \u201ee.V.\u201c<\/span><\/p>\n<p><span style=\"font-family: arial,helvetica,sans-serif;\"><strong>\u00a7 2 Zweck des Vereins<\/strong><\/span><\/p>\n<p><span style=\"font-family: arial,helvetica,sans-serif;\">Der Tennisclub Gr\u00fcn-Wei\u00df Br\u00fcser Berg e.V. hat sich die Pflege des Tennissports und evtl. weiterer Sportarten zum Ziel gesetzt. Der Verein verfolgt ausschlie\u00dflich und unmittelbar gemeinn\u00fctzige Zwecke i. S. d. Abschnitts \u201eSteuerbeg\u00fcnstigte Zwecke\u201c der Abgabenordnung. Der Verein ist selbstlos t\u00e4tig; er verfolgt nicht in erster Linie eigenwirtschaftliche Zwecke. Mittel des Vereins d\u00fcrfen nur f\u00fcr die satzungsgem\u00e4\u00dfen Zwecke verwendet werden. Die Mitglieder erhalten keine Zuwendungen aus Mitteln des Vereins. Es darf keine Person durch Ausgaben, die dem Zweck des Vereins fremd sind, oder durch unverh\u00e4ltnism\u00e4\u00dfig hohe Verg\u00fcnstigungen beg\u00fcnstigt werden.<\/span><\/p>\n<p><span style=\"font-family: arial,helvetica,sans-serif;\"><strong>\u00a7 3 Aufnahme von Mitgliedern<\/strong><\/span><\/p>\n<p><span style=\"font-family: arial,helvetica,sans-serif;\">1. Mitglied des Vereins kann jede nat\u00fcrliche Person werden.<\/span><\/p>\n<p><span style=\"font-family: arial,helvetica,sans-serif;\">2. Die Erkl\u00e4rung zur Mitgliedschaft hat schriftlich zu erfolgen. Nicht voll gesch\u00e4ftsf\u00e4hige Personen bed\u00fcrfen hierzu der Einwilligung ihrer gesetzlichen Vertreter.<\/span><\/p>\n<p><span style=\"font-family: arial,helvetica,sans-serif;\">3. \u00dcber die Aufnahme entscheidet der Vorstand. Die Ablehnung der Aufnahme durch den Vorstand ist nicht anfechtbar und nicht zu begr\u00fcnden.<\/span><\/p>\n<p><span style=\"font-family: arial,helvetica,sans-serif;\">4. Ein Aufnahmeanspruch besteht nicht.<\/span><\/p>\n<p><span style=\"font-family: arial,helvetica,sans-serif;\"><strong>\u00a7 4 Austritt von Mitgliedern<\/strong><\/span><\/p>\n<p><span style=\"font-family: arial,helvetica,sans-serif;\">Die Austrittserkl\u00e4rung hat schriftlich zu erfolgen. Der Austritt ist zul\u00e4ssig unter Einhaltung einer K\u00fcndigungsfrist von 4 Wochen zum Ende des Kalenderjahres.<\/span><\/p>\n<p><span style=\"font-family: arial,helvetica,sans-serif;\"><strong>\u00a7 5 Ausschluss von Mitgliedern<\/strong><\/span><\/p>\n<p><span style=\"font-family: arial,helvetica,sans-serif;\">1. Die Mitgliedschaft endet au\u00dferdem durch Ausschluss.<\/span><\/p>\n<p><span style=\"font-family: arial,helvetica,sans-serif;\">2. Der Ausschluss aus dem Verein ist aus wichtigem Grund zul\u00e4ssig.<\/span><\/p>\n<p><span style=\"font-family: arial,helvetica,sans-serif;\">3. Ein Mitglied kann ausgeschlossen werden bei:<\/span><\/p>\n<p style=\"padding-left: 30px;\"><span style=\"font-family: arial,helvetica,sans-serif;\">a) groben Zuwiderhandlungen gegen die Bestimmungen der Satzung<\/span><\/p>\n<p style=\"padding-left: 30px;\"><span style=\"font-family: arial,helvetica,sans-serif;\">b) schwerer Sch\u00e4digung des Ansehens und der Belange des Vereins<\/span><\/p>\n<p style=\"padding-left: 30px;\"><span style=\"font-family: arial,helvetica,sans-serif;\">c) groben oder wiederholten Verst\u00f6\u00dfen gegen die Vereinskameradschaft<\/span><\/p>\n<p style=\"padding-left: 30px;\"><span style=\"font-family: arial,helvetica,sans-serif;\">d) Nichtzahlung des Beitrages trotz vorheriger Mahnung.<\/span><\/p>\n<p><span style=\"font-family: arial,helvetica,sans-serif;\">4. \u00dcber den Ausschluss eines Mitglieds entscheidet der Vorstand. Vor der Entscheidung ist dem betroffenen Mitglied Gelegenheit zur \u00c4u\u00dferung zu geben. Der Ausschluss ist dem Mitglied mit Rechtsmittelbelehrung schriftlich bekannt zu geben.<\/span><\/p>\n<p><span style=\"font-family: arial,helvetica,sans-serif;\">5. Das Mitglied ist berechtigt, gegen diese Entscheidung innerhalb einer Ausschlussfrist von einem Monat nach Empfang dieses Beschlusses schriftlich Einspruch einzulegen.<\/span><\/p>\n<p><span style=\"font-family: arial,helvetica,sans-serif;\">6. \u00dcber den Einspruch entscheidet die Mitgliederversammlung endg\u00fcltig; Zweidrittel-Stimmenmehrheit der Mitglieder ist erforderlich. Bis zu dieser Entscheidung ruht die Mitgliedschaft. Der ordentliche Rechtsweg ist ausgeschlossen.<\/span><\/p>\n<p><span style=\"font-family: arial,helvetica,sans-serif;\"><strong>\u00a7 6 Mitgliedsbeitrag<\/strong><\/span><\/p>\n<p><span style=\"font-family: arial,helvetica,sans-serif;\">1. Der Club erhebt einen Jahresbeitrag pro Kalenderjahr sowie eine Geb\u00fchr f\u00fcr Gastspieler, deren H\u00f6he von der Mitgliederversammlung bestimmt wird.<\/span><\/p>\n<p><span style=\"font-family: arial,helvetica,sans-serif;\">2. Der Mitgliedsbeitrag wird am 1. April jeden Jahres f\u00e4llig und im Bankeinzugsverfahren eingezogen oder per Rechnung zum 1.April jeden Jahres f\u00e4llig gestellt.<\/span><\/p>\n<p><span style=\"font-family: arial,helvetica,sans-serif;\">3. Der Vorstand kann in begr\u00fcndeten Einzelf\u00e4llen die Beitr\u00e4ge erm\u00e4\u00dfigen, wenn dies aus wichtigen Gr\u00fcnden angezeigt erscheint.<\/span><\/p>\n<p><span style=\"font-family: arial,helvetica,sans-serif;\">4. Zur Deckung einmaliger besonderer Ausgaben kann die Mitgliederversammlung mit Zweidrittel-Mehrheit eine Kostenumlage bis zur H\u00f6he eines Jahresbeitrags, jedoch h\u00f6chstens einmal im Kalenderjahr beschlie\u00dfen.<\/span><\/p>\n<p><span style=\"font-family: arial,helvetica,sans-serif;\"><strong>\u00a7 7 Organe des Vereins<\/strong><\/span><\/p>\n<p><span style=\"font-family: arial,helvetica,sans-serif;\">Organe des Vereins sind:<br \/>\n1. der Vorstand (\u00a7\u00a7 8, 9 u. 14 der Satzung)<br \/>\n2. die Mitgliederversammlung (\u00a7\u00a7 11-13 der Satzung).<\/span><\/p>\n<p><span style=\"font-family: arial,helvetica,sans-serif;\"><strong>\u00a7 8 Vorstand<\/strong><\/span><\/p>\n<p><span style=\"font-family: arial,helvetica,sans-serif;\">1. Der Vorstand (\u00a7 26 BGB) besteht aus: <\/span><\/p>\n<ol style=\"list-style-type: lower-alpha;\">\n<li><span style=\"font-family: arial,helvetica,sans-serif;\">der\/dem Vorsitzenden <\/span><\/li>\n<li><span style=\"font-family: arial,helvetica,sans-serif;\">der\/dem stellvertretenden Vorsitzenden <\/span><\/li>\n<li><span style=\"font-family: arial,helvetica,sans-serif;\"><span style=\"font-family: arial,helvetica,sans-serif;\">den Vorst\u00e4nden f\u00fcr<\/span><\/span><br \/>\n<table style=\"height: 118px;\" width=\"177\">\n<tbody>\n<tr>\n<td style=\"width: 167px;\"><span style=\"font-family: arial,helvetica,sans-serif;\">1. Erwachsenensport <\/span><\/td>\n<\/tr>\n<tr>\n<td style=\"width: 167px;\"><span style=\"font-family: arial,helvetica,sans-serif;\">2. Jugendsport<\/span><\/td>\n<\/tr>\n<tr>\n<td style=\"width: 167px;\"><span style=\"font-family: arial,helvetica,sans-serif;\">3. Finanzen<\/span><\/td>\n<\/tr>\n<tr>\n<td style=\"width: 167px;\"><span style=\"font-family: arial,helvetica,sans-serif;\">4. Organisation<\/span><\/td>\n<\/tr>\n<\/tbody>\n<\/table>\n<\/li>\n<\/ol>\n<p><span style=\"font-family: arial,helvetica,sans-serif;\">\u00a0\u00a0\u00a0\u00a0 d. vier weiteren Vorst\u00e4nden f\u00fcr besondere Aufgaben, deren Aufgabenverteilung der Vorstand in seiner Gesch\u00e4ftsordnung regelt.<\/span><\/p>\n<p><span style=\"font-family: arial,helvetica,sans-serif;\">2. Je zwei der Vorstandsmitglieder vertreten den Verein gemeinsam.<\/span><\/p>\n<p><span style=\"font-family: arial,helvetica,sans-serif;\">3. Der Vorstand wird durch Beschluss der Mitgliederversammlung auf die Dauer von 2 Jahren bestellt. Er bleibt bis zur satzungsgem\u00e4\u00dfen Bestellung des n\u00e4chsten Vorstandes im Amt. W\u00e4hrend einer Legislaturperiode ausgeschiedene Vorstandsmitglieder werden von der n\u00e4chsten Mitgliederversammlung ersetzt (vgl. \u00a7 12 Abs. 1 d). Bis dahin ist der verbleibende Vorstand berechtigt, verwaiste Vorstandsposten kommissarisch zu besetzen.<\/span><\/p>\n<p><span style=\"font-family: arial,helvetica,sans-serif;\">4. Das Amt eines Mitglieds des Vorstandes endet mit seinem Ausscheiden aus dem Verein.<\/span><\/p>\n<p><span style=\"font-family: arial,helvetica,sans-serif;\">5. Verschiedene Vorstands\u00e4mter k\u00f6nnen nicht in einer Person vereinigt werden.<\/span><\/p>\n<p><span style=\"font-family: arial,helvetica,sans-serif;\"><strong>\u00a7 9 Beschr\u00e4nkung der Vertretungsmacht des Vorstandes<\/strong><\/span><\/p>\n<p><span style=\"font-family: arial,helvetica,sans-serif;\">Die Vertretungsmacht des Vorstandes ist mit Wirkung gegen Dritte in der Weise beschr\u00e4nkt (\u00a7 26 Abs. 2 Satz 2 BGB), dass zum Erwerb oder Verkauf, zur Belastung und zu allen sonstigen Verf\u00fcgungen \u00fcber Grundst\u00fccke (und grundst\u00fccksgleiche Rechte) sowie zur Aufnahme eines Kredits von mehr als \u20ac 5.000,00 (in Worten: F\u00fcnftausend Euro) die Zustimmung der Mitgliederversammlung erforderlich ist.<\/span><\/p>\n<p><span style=\"font-family: arial,helvetica,sans-serif;\"><strong>\u00a7 10 Jugendordnung<\/strong><\/span><\/p>\n<p><span style=\"font-family: arial,helvetica,sans-serif;\">Die Jugend des Vereins f\u00fchrt und verwaltet sich selbst nach den Vorschriften der Jugendordnung des Vereins und im Rahmen der Satzung. Das N\u00e4here regelt der Vorstand in der Jugendordnung.<\/span><\/p>\n<p><span style=\"font-family: arial,helvetica,sans-serif;\"><strong>\u00a7 11 Mitglieder<\/strong><\/span><\/p>\n<p><span style=\"font-family: arial,helvetica,sans-serif;\">1. Der Club hat aktive Mitglieder, inaktive Mitglieder, jugendliche Mitglieder, Ehrenmitglieder.<\/span><\/p>\n<p><span style=\"font-family: arial,helvetica,sans-serif;\">2. Alle Mitglieder haben das Recht, die Einrichtungen des Vereins zu benutzen, soweit sich nicht aus den Bestimmungen dieser Satzung etwas Gegenteiliges ergibt.<\/span><\/p>\n<p><span style=\"font-family: arial,helvetica,sans-serif;\">3. Die Mitglieder sind zur Einhaltung der Platz- und Spielordnung verpflichtet.<\/span><\/p>\n<p><span style=\"font-family: arial,helvetica,sans-serif;\">4. Inaktive Mitglieder, Mitglieder, deren Mitgliedschaft ruht, und Mitglieder, die ihrer sich aus der Satzung ergebende Beitragsverpflichtung nicht nachkommen, sind nicht spielberechtigt. Die \u00fcbrigen Einrichtungen des Clubs stehen ihnen weiterhin zur Verf\u00fcgung.<\/span><\/p>\n<p><span style=\"font-family: arial,helvetica,sans-serif;\">5. Personen, die sich um den Club und seine Ziele besonders verdient gemacht haben, kann die Ehrenmitgliedschaft verliehen werden. \u00dcber die Verleihung entscheidet mit Zweidrittel- Mehrheit die Mitgliederversammlung. Ehrenmitglieder haben alle Rechte der aktiven Mitglieder, sie sind von der Beitragszahlung befreit.<\/span><\/p>\n<p><span style=\"font-family: arial,helvetica,sans-serif;\"><strong>\u00a7 12 Einberufung der Mitgliederversammlung<\/strong><\/span><\/p>\n<p><span style=\"font-family: arial,helvetica,sans-serif;\">1. Im ersten Vierteljahr eines jeden Kalenderjahres ist die Mitgliederversammlung abzuhalten. Die Tagesordnung muss enthalten: <\/span><\/p>\n<ol style=\"list-style-type: lower-alpha;\">\n<li><span style=\"font-family: arial,helvetica,sans-serif;\">Bericht des Vorstandes <\/span><\/li>\n<li><span style=\"font-family: arial,helvetica,sans-serif;\">Rechnungsbericht des Vorstands Finanzen und Bericht der Kassenpr\u00fcfer zur Entlastung desselben <\/span><\/li>\n<li><span style=\"font-family: arial,helvetica,sans-serif;\">Entlastung des Vorstandes <\/span><\/li>\n<li><span style=\"font-family: arial,helvetica,sans-serif;\">Neuwahl oder Erg\u00e4nzung des Vorstandes (soweit erforderlich), der Kassenpr\u00fcfer <\/span><\/li>\n<li><span style=\"font-family: arial,helvetica,sans-serif;\">Beschlussfassung \u00fcber vorliegende Antr\u00e4ge <\/span><\/li>\n<li><span style=\"font-family: arial,helvetica,sans-serif;\">Verschiedenes<\/span><\/li>\n<\/ol>\n<p><span style=\"font-family: arial,helvetica,sans-serif;\">2. Der Vorsitzende hat eine au\u00dferordentliche Mitgliederversammlung einzuberufen <\/span><\/p>\n<ol style=\"list-style-type: lower-alpha;\">\n<li><span style=\"font-family: arial,helvetica,sans-serif;\">auf Beschluss des Vorstandes <\/span><\/li>\n<li><span style=\"font-family: arial,helvetica,sans-serif;\">auf schriftlichen Antrag von 20 % der Mitglieder. Der Antrag muss Zweck und Gr\u00fcnde der Einberufung enthalten.<\/span><\/li>\n<\/ol>\n<p><span style=\"font-family: arial,helvetica,sans-serif;\"><strong>\u00a7 13 Mitgliederversammlung<\/strong><\/span><\/p>\n<p><span style=\"font-family: arial,helvetica,sans-serif;\">1. Die Einladung zur Mitgliederversammlung erfolgt schriftlich unter Angabe der Tagesordnung per E-Mail (sofern Account vorhanden) oder per Post (falls keine E-Mail vorhanden \/ erw\u00fcnscht) unter Einhaltung einer Einladungsfrist von mindestens 14 Tagen. Es gilt das Versanddatum der E-Mail. Das Einladungsschreiben gilt dem Mitglied als zugegangen, wenn es an die letzte vom Mitglied dem Verein per E-Mail oder per Post schriftlich bekannt gegebene Adresse gerichtet ist.<\/span><\/p>\n<p><span style=\"font-family: arial,helvetica,sans-serif;\">2. Mitglieder, die das 18. Lebensjahr noch nicht vollendet haben, k\u00f6nnen der Mitgliederversammlung zwar beiwohnen, besitzen jedoch weder ein Stimm- noch ein Antragsrecht. Die Belange der jugendlichen Vereinsmitglieder werden durch die Jugendordnung gewahrt.<\/span><\/p>\n<p><span style=\"font-family: arial,helvetica,sans-serif;\">3. Jedes Mitglied kann beantragen, dass ein von ihm bezeichneter Punkt auf die Tagesordnung gesetzt wird. Der Antrag muss mindestens 8 Tage vor der Mitgliederversammlung schriftlich eingereicht werden. Den Vorsitz der Mitgliederversammlung f\u00fchrt der Vorsitzende des Clubs oder ein vom Vorstand bestimmtes Vorstandsmitglied.<\/span><\/p>\n<p><span style=\"font-family: arial,helvetica,sans-serif;\">4. Jede ordnungsgem\u00e4\u00df einberufene Mitgliederversammlung ist beschlussf\u00e4hig ohne R\u00fccksicht auf die Zahl der anwesenden Mitglieder.<\/span><\/p>\n<p><span style=\"font-family: arial,helvetica,sans-serif;\">5. Die Mitgliederversammlung entscheidet, soweit in der Satzung nicht anders bestimmt ist, mit einfacher Stimmenmehrheit. Stimmenthaltungen gelten als nicht abgegebene Stimmen. Bei Stimmengleichheit gilt der eingebrachte Antrag als abgelehnt. Kann bei Personenwahlen ein Kandidat im ersten Wahlgang nicht die absolute Mehrheit der abgegebenen Stimmen auf sich vereinigen, gilt im folgenden Wahlgang der Kandidat mit den meisten Stimmen als gew\u00e4hlt.<\/span><\/p>\n<p><span style=\"font-family: arial,helvetica,sans-serif;\">6. Auf Antrag von mindestens 5 Mitgliedern ist geheim abzustimmen. Bei geheimer Abstimmung ist vor Stimmabgabe genau festzulegen, mit welchem Stichwort gegen den Antrag gestimmt und mit welchem Stichwort Stimmenthaltung ge\u00fcbt wird. Bei Wahlen von Personen d\u00fcrfen nur vorgeschlagene Namen auf dem Stimmzettel vermerkt werden. Alle dieser Regelung nicht entsprechenden Stichworte machen die Stimme ung\u00fcltig.<\/span><\/p>\n<p><span style=\"font-family: arial,helvetica,sans-serif;\">7. \u00dcber die Beschl\u00fcsse der Mitgliederversammlung ist eine Niederschrift zu fertigen. Die Niederschrift ist durch den Vorsitzenden und den Protokollf\u00fchrer zu unterzeichnen.<\/span><\/p>\n<p><span style=\"font-family: arial,helvetica,sans-serif;\">8. Die Mitgliederversammlung w\u00e4hlt zwei Kassenpr\u00fcfer. Die Kassenpr\u00fcfer haben die Buch- und Kassenf\u00fchrung zu pr\u00fcfen, zur Wirtschaftlichkeit und zur Gesch\u00e4ftsf\u00fchrung Stellung zu nehmen und dem Vorstand einen Pr\u00fcfbericht vorzulegen.<\/span><\/p>\n<p><span style=\"font-family: arial,helvetica,sans-serif;\">9. Zur \u00c4nderung der Clubsatzung bedarf es einer Stimmenmehrheit von Dreiviertel der Mitgliederversammlung (\u00a7 33 BGB).<\/span><\/p>\n<p><span style=\"font-family: arial,helvetica,sans-serif;\"><strong>\u00a7 14 Vorstandssitzung<\/strong><\/span><\/p>\n<p><span style=\"font-family: arial,helvetica,sans-serif;\">Vorstandssitzungen werden nach Bedarf oder auf Antrag eines Vorstandsmitgliedes, mindestens aber einmal innerhalb eines Vierteljahres vom Vorsitzenden einberufen. Die Sitzung leitet der Vorsitzende. Beschl\u00fcsse werden mit einfacher Stimmenmehrheit gefasst; bei Stimmengleichheit gilt der Antrag als abgelehnt.<\/span><\/p>\n<p><span style=\"font-family: arial,helvetica,sans-serif;\"><strong>\u00a7 15 Clubaufl\u00f6sung<\/strong><\/span><\/p>\n<p><span style=\"font-family: arial,helvetica,sans-serif;\">1. Zur Aufl\u00f6sung des Clubs ist eine Mitgliederversammlung erforderlich. Es ist eine Stimmenmehrheit von Dreiviertel der anwesenden Mitglieder zur Aufl\u00f6sung notwendig.<\/span><\/p>\n<p><span style=\"font-family: arial,helvetica,sans-serif;\">2. Die Liquidation erfolgt durch den Vorstand. Bei Aufl\u00f6sung des Vereins bei Wegfall steuerbeg\u00fcnstigter Zwecke f\u00e4llt sein Verm\u00f6gen an die Stadt Bonn, die es unmittelbar und ausschlie\u00dflich f\u00fcr gemeinn\u00fctzige Zwecke verwendet.<\/span><\/p>\n<p><span style=\"font-family: arial,helvetica,sans-serif;\">(Stand: 11.03.2015)<\/span><\/p>\n","protected":false},"excerpt":{"rendered":"<p>Satzung Tennisclub Gr\u00fcn-Wei\u00df Br\u00fcser Berg \u00a7 1 Name und Sitz Der am 13.05.1984 gegr\u00fcndete Club f\u00fchrt den Namen \u201eTennisclub Gr\u00fcn-Wei\u00df Br\u00fcser Berg\u201c. Der Club hat seinen Sitz in 53125 Bonn, An der Haeschmaar 22. Er f\u00fchrt nach Eintragung in das Vereinsregister den Zusatz \u201eeingetragener Verein\u201c in der abgek\u00fcrzten Form \u201ee.V.\u201c \u00a7 2 Zweck des Vereins [&hellip;]<\/p>\n","protected":false},"author":1,"featured_media":0,"parent":0,"menu_order":0,"comment_status":"closed","ping_status":"closed","template":"template-fullwidth.php","meta":{"footnotes":""},"class_list":["post-571","page","type-page","status-publish","hentry"],"_links":{"self":[{"href":"https:\/\/tcgwbrueserberg.de\/index.php?rest_route=\/wp\/v2\/pages\/571","targetHints":{"allow":["GET"]}}],"collection":[{"href":"https:\/\/tcgwbrueserberg.de\/index.php?rest_route=\/wp\/v2\/pages"}],"about":[{"href":"https:\/\/tcgwbrueserberg.de\/index.php?rest_route=\/wp\/v2\/types\/page"}],"author":[{"embeddable":true,"href":"https:\/\/tcgwbrueserberg.de\/index.php?rest_route=\/wp\/v2\/users\/1"}],"replies":[{"embeddable":true,"href":"https:\/\/tcgwbrueserberg.de\/index.php?rest_route=%2Fwp%2Fv2%2Fcomments&post=571"}],"version-history":[{"count":7,"href":"https:\/\/tcgwbrueserberg.de\/index.php?rest_route=\/wp\/v2\/pages\/571\/revisions"}],"predecessor-version":[{"id":7076,"href":"https:\/\/tcgwbrueserberg.de\/index.php?rest_route=\/wp\/v2\/pages\/571\/revisions\/7076"}],"wp:attachment":[{"href":"https:\/\/tcgwbrueserberg.de\/index.php?rest_route=%2Fwp%2Fv2%2Fmedia&parent=571"}],"curies":[{"name":"wp","href":"https:\/\/api.w.org\/{rel}","templated":true}]}}