{"id":3381,"date":"2016-09-09T15:21:47","date_gmt":"2016-09-09T13:21:47","guid":{"rendered":"http:\/\/tcgwbb.azurewebsites.net\/?page_id=3381"},"modified":"2025-03-05T16:54:21","modified_gmt":"2025-03-05T16:54:21","slug":"in-aller-kuerze","status":"publish","type":"page","link":"https:\/\/tcgwbrueserberg.de\/?page_id=3381","title":{"rendered":"Auf einen Blick"},"content":{"rendered":"<h3><span style=\"font-family: arial,helvetica,sans-serif;\">Das findet ihr bei uns:<\/span><\/h3>\n<ul>\n<li><span style=\"font-family: arial,helvetica,sans-serif;\">Gro\u00dfz\u00fcgige, gr\u00fcne Clubanlage am Rande des Br\u00fcser Bergs, in ruhiger, idyllischer Lage am Waldrand<\/span><\/li>\n<li><span style=\"font-family: arial,helvetica,sans-serif;\">8 Au\u00dfenpl\u00e4tze und 2 Hallenpl\u00e4tze<\/span><\/li>\n<li><span style=\"font-family: arial,helvetica,sans-serif;\">Ballwand f\u00fcr Einzeltraining und zum Warmspielen<\/span><\/li>\n<li><span style=\"font-family: arial,helvetica,sans-serif;\">Ausreichend Parkpl\u00e4tze<\/span><\/li>\n<li><span style=\"font-family: arial,helvetica,sans-serif;\">Gek\u00fchlte Getr\u00e4nke zu g\u00fcnstigen Preisen<\/span><\/li>\n<li><span style=\"font-family: arial,helvetica,sans-serif;\">Kinderspielplatz<\/span><\/li>\n<li><span style=\"font-family: arial,helvetica,sans-serif;\">Supernette Mitglieder<\/span><\/li>\n<li><span style=\"font-family: arial,helvetica,sans-serif;\">Viele Kinder und Jugendliche<\/span><\/li>\n<li><span style=\"font-family: arial,helvetica,sans-serif;\">Freizeit- und sportlich ambitionierte Spielerinnen und Spieler<\/span><\/li>\n<li><span style=\"font-family: arial,helvetica,sans-serif;\">Mannschaften in verschiedenen Ligen<br \/>\n<\/span><\/li>\n<li><span style=\"font-family: arial,helvetica,sans-serif;\">Ein erfolgreiches Trainerteam<\/span><\/li>\n<li><span style=\"font-family: arial,helvetica,sans-serif;\">Turniere f\u00fcr jeden<\/span><\/li>\n<li><span style=\"font-family: arial,helvetica,sans-serif;\">Ein <a href=\"http:\/\/www.tcgwbrueserberg.de\/reservierung\/\">Reservierungssystem<\/a>, mit dem man seinen Platz schon mehr als eine Woche vorher reservieren kann<\/span><\/li>\n<li><span style=\"font-family: arial,helvetica,sans-serif;\">Regelm\u00e4\u00dfiger <a href=\"http:\/\/www.tcgwbrueserberg.de\/tennistreff\/\">Tennistreff<\/a> auch f\u00fcr Nichtmitglieder<\/span><\/li>\n<li><span style=\"font-family: arial, helvetica, sans-serif; font-size: revert;\">Und vor allem: ganz viel Spa\u00df am Tennisspielen!<\/span><\/li>\n<\/ul>\n<h4>So erreicht ihr uns:<\/h4>\n<p>Unser Vorstand beantwortet gerne eure Fragen &#8211; alle Ansprechpartner*innen mit Kontaktdaten findet ihr hier: <a href=\"https:\/\/tcgwbrueserberg.de\/?page_id=461\">Vorstand<\/a><\/p>\n<p>Weitere Infos zur Mitgliedschaft findet ihr hier: <a href=\"https:\/\/tcgwbrueserberg.de\/?page_id=551\">Mitglied werden<\/a><\/p>\n<p>Allgemeine Anfragen und Feedback k\u00f6nnt ihr uns gerne per Email an unsere <a href=\"mailto:info@tcgwbrueserberg.de\">Info-Adresse<\/a>\u00a0schreiben.<\/p>\n<p><img loading=\"lazy\" decoding=\"async\" class=\"size-full wp-image-2311 aligncenter\" src=\"http:\/\/www.tcgwbrueserberg.de\/wp-content\/uploads\/2015\/12\/tennis-tags.jpg\" alt=\"tennis-tags\" width=\"728\" height=\"445\" srcset=\"https:\/\/tcgwbrueserberg.de\/wp-content\/uploads\/2015\/12\/tennis-tags.jpg 728w, https:\/\/tcgwbrueserberg.de\/wp-content\/uploads\/2015\/12\/tennis-tags-300x183.jpg 300w\" sizes=\"auto, (max-width: 728px) 100vw, 728px\" \/><\/p>\n","protected":false},"excerpt":{"rendered":"<p>Das findet ihr bei uns: Gro\u00dfz\u00fcgige, gr\u00fcne Clubanlage am Rande des Br\u00fcser Bergs, in ruhiger, idyllischer Lage am Waldrand 8 Au\u00dfenpl\u00e4tze und 2 Hallenpl\u00e4tze Ballwand f\u00fcr Einzeltraining und zum Warmspielen Ausreichend Parkpl\u00e4tze Gek\u00fchlte Getr\u00e4nke zu g\u00fcnstigen Preisen Kinderspielplatz Supernette Mitglieder Viele Kinder und Jugendliche Freizeit- und sportlich ambitionierte Spielerinnen und Spieler Mannschaften in verschiedenen Ligen [&hellip;]<\/p>\n","protected":false},"author":1,"featured_media":0,"parent":0,"menu_order":0,"comment_status":"closed","ping_status":"closed","template":"template-fullwidth.php","meta":{"footnotes":""},"class_list":["post-3381","page","type-page","status-publish","hentry"],"_links":{"self":[{"href":"https:\/\/tcgwbrueserberg.de\/index.php?rest_route=\/wp\/v2\/pages\/3381","targetHints":{"allow":["GET"]}}],"collection":[{"href":"https:\/\/tcgwbrueserberg.de\/index.php?rest_route=\/wp\/v2\/pages"}],"about":[{"href":"https:\/\/tcgwbrueserberg.de\/index.php?rest_route=\/wp\/v2\/types\/page"}],"author":[{"embeddable":true,"href":"https:\/\/tcgwbrueserberg.de\/index.php?rest_route=\/wp\/v2\/users\/1"}],"replies":[{"embeddable":true,"href":"https:\/\/tcgwbrueserberg.de\/index.php?rest_route=%2Fwp%2Fv2%2Fcomments&post=3381"}],"version-history":[{"count":9,"href":"https:\/\/tcgwbrueserberg.de\/index.php?rest_route=\/wp\/v2\/pages\/3381\/revisions"}],"predecessor-version":[{"id":8522,"href":"https:\/\/tcgwbrueserberg.de\/index.php?rest_route=\/wp\/v2\/pages\/3381\/revisions\/8522"}],"wp:attachment":[{"href":"https:\/\/tcgwbrueserberg.de\/index.php?rest_route=%2Fwp%2Fv2%2Fmedia&parent=3381"}],"curies":[{"name":"wp","href":"https:\/\/api.w.org\/{rel}","templated":true}]}}